 13, 193
What are the prime factors of 2381?
2381
What are the prime factors of 277?
277
What are the prime factors of 8039?
8039
What are the prime factors of 458?
2, 229
List the prime factors of 4344.
2, 3, 181
List the prime factors of 2864.
2, 179
What are the prime factors of 5123?
47, 109
What are the prime factors of 3734?
2, 1867
List the prime factors of 245.
5, 7
List the prime factors of 7725.
3, 5, 103
List the prime factors of 8705.
5, 1741
List the prime factors of 735.
3, 5, 7
What are the prime factors of 256?
2
What are the prime factors of 9910?
2, 5, 991
List the prime factors of 24878.
2, 7, 1777
List the prime factors of 2138.
2, 1069
List the prime factors of 772.
2, 193
List the prime factors of 6850.
2, 5, 137
List the prime factors of 496.
2, 31
List the prime factors of 2730.
2, 3, 5, 7, 13
What are the prime factors of 945?
3, 5, 7
What are the prime factors of 34824?
2, 3, 1451
List the prime factors of 22914.
2, 3, 19, 67
List the prime factors of 2240.
2, 5, 7
List the prime factors of 2517.
3, 839
List the prime factors of 8335.
5, 1667
What are the prime factors of 2001?
3, 23, 29
List the prime factors of 4300.
2, 5, 43
What are the prime factors of 7185?
3, 5, 479
What are the prime factors of 730?
2, 5, 73
What are the prime factors of 18028?
2, 4507
What are the prime factors of 2998?
2, 1499
List the prime factors of 1910.
2, 5, 191
What are the prime factors of 3683?
29, 127
What are the prime factors of 1001?
7, 11, 13
List the prime factors of 677.
677
List the prime factors of 498.
2, 3, 83
List the prime factors of 28875.
3, 5, 7, 11
What are the prime factors of 1036?
2, 7, 37
What are the prime factors of 788?
2, 197
What are the prime factors of 1435?
5, 7, 41
List the prime factors of 33.
3, 11
What are the prime factors of 1194?
2, 3, 199
What are the prime factors of 20243?
31, 653
What are the prime factors of 5404?
2, 7, 193
List the prime factors of 911.
911
List the prime factors of 302.
2, 151
What are the prime factors of 4827?
3, 1609
What are the prime factors of 39946?
2, 19973
What are the prime factors of 1841?
7, 263
What are the prime factors of 4537?
13, 349
What are the prime factors of 550?
2, 5, 11
What are the prime factors of 69583?
149, 467
List the prime factors of 289.
17
What are the prime factors of 619?
619
What are the prime factors of 9773?
29, 337
List the prime factors of 4958.
2, 37, 67
What are the prime factors of 90743?
103, 881
What are the prime factors of 32599?
7, 4657
List the prime factors of 917.
7, 131
What are the prime factors of 59451?
3, 7, 19, 149
List the prime factors of 829.
829
List the prime factors of 1693.
1693
List the prime factors of 124631.
13, 9587
List the prime factors of 293.
293
What are the prime factors of 4296?
2, 3, 179
List the prime factors of 1485.
3, 5, 11
What are the prime factors of 15494?
2, 61, 127
List the prime factors of 47662.
2, 23831
List the prime factors of 20035.
5, 4007
What are the prime factors of 12137?
53, 229
List the prime factors of 7197.
3, 2399
List the prime factors of 5704.
2, 23, 31
What are the prime factors of 5145?
3, 5, 7
List the prime factors of 5239.
13, 31
What are the prime factors of 231?
3, 7, 11
What are the prime factors of 1068?
2, 3, 89
List the prime factors of 1642.
2, 821
List the prime factors of 2275.
5, 7, 13
What are the prime factors of 3197?
23, 139
List the prime factors of 184400.
2, 5, 461
What are the prime factors of 5340?
2, 3, 5, 89
What are the prime factors of 635?
5, 127
What are the prime factors of 7113?
3, 2371
List the prime factors of 2894.
2, 1447
What are the prime factors of 30128?
2, 7, 269
List the prime factors of 356.
2, 89
List the prime factors of 42020.
2, 5, 11, 191
List the prime factors of 5277.
3, 1759
What are the prime factors of 20432?
2, 1277
What are the prime factors of 63184?
2, 11, 359
What are the prime factors of 6992?
2, 19, 23
What are the prime factors of 2788?
2, 17, 41
List the prime factors of 2420.
2, 5, 11
What are the prime factors of 2219?
7, 317
List the prime factors of 918.
2, 3, 17
List the prime factors of 36206.
2, 43, 421
What are the prime factors of 22246?
2, 7, 227
What are the prime factors of 860?
2, 5, 43
List the prime factors of 13499.
13499
List the prime factors of 4.
2
List the prime factors of 2487.
3, 829
List the prime factors of 9328.
2, 11, 53
List the prime factors of 22721.
22721
What are the prime factors of 2458?
2, 1229
What are the prime factors of 9178?
2, 13, 353
List the prime factors of 1773.
3, 197
What are the prime factors of 4169?
11, 379
What are the prime factors of 5150?
2, 5, 103
What are the prime factors of 5128?
2, 641
What are the prime factors of 2035?
5, 11, 37
List the prime factors of 4298.
2, 7, 307
List the prime factors of 899.
29, 31
What are the prime factors of 8598?
2, 3, 1433
What are the prime factors of 52682?
2, 7, 53, 71
List the prime factors of 4719.
3, 11, 13
What are the prime factors of 25364?
2, 17, 373
List the prime factors of 33593.
7, 4799
What are the prime factors of 223?
223
List the prime factors of 23789.
23789
List the prime factors of 4009.
19, 211
List the prime factors of 199.
199
What are the prime factors of 63026?
2, 31513
What are the prime factors of 37?
37
What are the prime factors of 47934?
2, 3, 2663
List the prime factors of 648.
2, 3
What are the prime factors of 21978?
2, 3, 11, 37
What are the prime factors of 5180?
2, 5, 7, 37
What are the prime factors of 1246?
2, 7, 89
What are the prime factors of 58399?
11, 5309
What are the prime factors of 102150?
2, 3, 5, 227
List the prime factors of 913.
11, 83
What are the prime factors of 13252?
2, 3313
What are the prime factors of 16513?
7, 337
What are the prime factors of 1590?
2, 3, 5, 53
List the prime factors of 11957.
11, 1087
What are the prime factors of 14286?
2, 3, 2381
What are the prime factors of 677?
677
List the prime factors of 1756.
2, 439
What are the prime factors of 357?
3, 7, 17
What are the prime factors of 5436?
2, 3, 151
What are the prime factors of 24622?
2, 13, 947
What are the prime factors of 7482?
2, 3, 29, 43
What are the prime factors of 782?
2, 17, 23
List the prime factors of 34341.
3, 11447
What are the prime factors of 1812?
2, 3, 151
List the prime factors of 120884.
2, 47, 643
What are the prime factors of 182730?
2, 3, 5, 6091
List the prime factors of 36636.
2, 3, 43, 71
List the prime factors of 157850.
2, 5, 7, 11, 41
List the prime factors of 61465.
5, 19, 647
What are the prime factors of 135581?
135581
List the prime factors of 13657.
7, 1951
What are the prime factors of 328?
2, 41
List the prime factors of 88216.
2, 11027
List the prime factors of 14560.
2, 5, 7, 13
What are the prime factors of 1526?
2, 7, 109
List the prime factors of 14921.
43, 347
What are the prime factors of 6538?
2, 7, 467
List the prime factors of 52715.
5, 13, 811
List the prime factors of 3894.
2, 3, 11, 59
List the prime factors of 2225.
5, 89
What are the prime factors of 6944?
2, 7, 31
What are the prime factors of 4650?
2, 3, 5, 31
List the prime factors of 962.
2, 13, 37
What are the prime factors of 982?
2, 491
List the prime factors of 7924.
2, 7, 283
List the prime factors of 1941.
3, 647
List the prime factors of 240.
2, 3, 5
List the prime factors of 1451.
1451
List the prime factors of 1029.
3, 7
What are the prime factors of 7034?
2, 3517
List the prime factors of 118465.
5, 19, 29, 43
What are the prime factors of 155558?
2, 13, 31, 193
What are the prime factors of 5944?
2, 743
List the prime factors of 1015.
5, 7, 29
List the prime factors of 248.
2, 31
What are the prime factors of 5467?
7, 11, 71
What are the prime factors of 533?
13, 41
What are the prime factors of 1284?
2, 3, 107
List the prime factors of 40088.
2, 5011
List the prime factors of 45457.
131, 347
List the prime factors of 4413.
3, 1471
What are the prime factors of 61958?
2, 13, 2383
List the prime factors of 6496.
2, 7, 29
List the prime factors of 25561.
25561
What are the prime factors of 99278?
2, 49639
What are the prime factors of 17758?
2, 13, 683
What are the prime factors of 9285?
3, 5, 619
What are the prime factors of 920?
2, 5, 23
What are the prime factors of 98662?